Is 14995341289 a prime number?
True
Is 4981007011 prime?
True
Is 612526214 a composite number?
True
Is 2241260149 a prime number?
True
Is 50444688451 a composite number?
True
Is 2414902549 composite?
True
Is 5298012641 a prime number?
True
Is 661407907 a prime number?
True
Is 22239774173 a prime number?
True
Is 1116970891 a composite number?
True
Is 11904547867 a prime number?
True
Is 6449678267 composite?
False
Is 359701522 a prime number?
False
Is 794091047 a composite number?
False
Is 363106867 composite?
False
Is 6781663219 prime?
True
Is 3398831617 prime?
False
Is 8974834961 a composite number?
False
Is 39839717915 a prime number?
False
Is 695418007 a composite number?
False
Is 2069557877 a prime number?
True
Is 8209254853 a composite number?
True
Is 166349418171 a composite number?
True
Is 5760849839 composite?
False
Is 3142267651 a prime number?
False
Is 986037683 a composite number?
False
Is 2584880035 a prime number?
False
Is 1601419657 a prime number?
False
Is 107861788453 a prime number?
False
Is 207843773 a prime number?
True
Is 20572277729 prime?
False
Is 4236210515 composite?
True
Is 3156026603 composite?
False
Is 1724361343 a composite number?
False
Is 1413787043 prime?
False
Is 13942225879 composite?
False
Is 961077937 composite?
False
Is 10723869281 a composite number?
False
Is 5058333949 a composite number?
True
Is 122517215323 composite?
True
Is 437110049 prime?
False
Is 79823479 composite?
False
Is 6333237139 a composite number?
False
Is 123903091661 a composite number?
False
Is 1540229723 composite?
True
Is 42357997427 prime?
True
Is 3378780411 prime?
False
Is 1241239823 composite?
False
Is 54372695941 composite?
True
Is 1310025527 composite?
True
Is 2085243133 a composite number?
True
Is 4753391939 a composite number?
False
Is 67813147937 a prime number?
True
Is 3434065189 prime?
False
Is 859855471 composite?
False
Is 24268938587 a prime number?
True
Is 170006921537 prime?
True
Is 9163515633 a composite number?
True
Is 9076868287 a prime number?
True
Is 367534841 a prime number?
False
Is 3154442399 a composite number?
True
Is 2447544041 prime?
False
Is 775071707 prime?
True
Is 1930789321 composite?
False
Is 83336369 prime?
True
Is 4379798702 composite?
True
Is 5806464511 a prime number?
False
Is 45450241 a composite number?
False
Is 6682990537 a prime number?
True
Is 11864014991 prime?
False
Is 45607664047 prime?
False
Is 12505454323 prime?
True
Is 546103367 a composite number?
True
Is 722338511 a prime number?
True
Is 207712104737 a composite number?
True
Is 3575787443 a prime number?
False
Is 18055312711 a composite number?
False
Is 15258517402 prime?
False
Is 2944248301 a composite number?
False
Is 10622840279 composite?
False
Is 40443696127 a composite number?
False
Is 7482079751 prime?
True
Is 643983101 composite?
False
Is 4247806737 prime?
False
Is 7229954357 a prime number?
True
Is 12930156926 a prime number?
False
Is 583179431 a prime number?
False
Is 13521212977 prime?
True
Is 993769123 composite?
False
Is 11386782211 composite?
True
Is 689163347 composite?
True
Is 346680547 a prime number?
False
Is 1626297611 a composite number?
True
Is 514902359 composite?
False
Is 19769610661 a prime number?
True
Is 1457541929 a composite number?
False
Is 5024982607 a composite number?
True
Is 2501408141 prime?
False
Is 3593945305 prime?
False
Is 139065994061 prime?
True
Is 158514761 composite?
True
Is 3171810527 a prime number?
True
Is 16834198501 a composite number?
True
Is 9542605069 composite?
False
Is 77536721399 prime?
True
Is 12228774763 prime?
False
Is 4336685521 prime?
False
Is 687308501 a composite number?
True
Is 5980976263 prime?
True
Is 91988160035 a prime number?
False
Is 238942961 composite?
True
Is 5689590953 a composite number?
True
Is 32624519821 composite?
False
Is 4163133407 prime?
True
Is 8674140263 a prime number?
True
Is 52977814585 composite?
True
Is 37138474991 composite?
True
Is 33247657 a composite number?
True
Is 2394682463 prime?
False
Is 22220502911 a composite number?
False
Is 4905067741 prime?
False
Is 1677655087 prime?
True
Is 67647310771 a composite number?
True
Is 83245927 prime?
True
Is 58360415213 prime?
True
Is 7471672321 a composite number?
False
Is 3344408877 prime?
False
Is 2554138711 a prime number?
False
Is 246114907 a composite number?
False
Is 17466827971 a composite number?
False
Is 1315329821 a prime number?
False
Is 13829222021 prime?
True
Is 6555722021 a composite number?
True
Is 1535137727 a prime number?
True
Is 77444750179 a prime number?
False
Is 732598303 a composite number?
False
Is 1029576469 composite?
False
Is 5473583207 a composite number?
True
Is 994664479 prime?
True
Is 9920308669 prime?
True
Is 8839877399 a composite number?
True
Is 1247234983 prime?
True
Is 1174979297 a composite number?
False
Is 12303290101 a composite number?
True
Is 140840771 a composite number?
False
Is 40908059 composite?
False
Is 2029590341 a composite number?
True
Is 7129405579 a composite number?
False
Is 27008054519 prime?
False
Is 17518674559 prime?
False
Is 102258642547 a composite number?
False
Is 39864297527 a prime number?
True
Is 37708129247 prime?
True
Is 15335360233 a composite number?
False
Is 428476091 prime?
True
Is 251576996537 a composite number?
False
Is 37242982627 a prime number?
True
Is 517109911 prime?
True
Is 1364855867 a prime number?
True
Is 1894848547 a composite number?
False
Is 703445129 composite?
False
Is 295388377 a composite number?
True
Is 1369383091 a composite number?
False
Is 15849276533 prime?
False
Is 3955325273 composite?
True
Is 24517484291 a composite number?
True
Is 336931486 composite?
True
Is 103980706183 a composite number?
False
Is 1001758559 prime?
True
Is 24703920463 a prime number?
False
Is 110732336483 a prime number?
False
Is 36690356321 prime?
True
Is 72622032946 composite?
True
Is 355675679857 a prime number?
True
Is 9210043351 a prime number?
False
Is 39662396593 a prime number?
False
Is 60860028605 a composite number?
True
Is 3378389161 a prime number?
False
Is 5879817443 composite?
False
Is 222148620653 prime?
False
Is 46595686939 a prime number?
False
Is 6887809151 composite?
False
Is 102295163 composite?
True
Is 5979355831 a prime number?
False
Is 686139661 composite?
True
Is 29721301139 prime?
True
Is 7189627559 a composite number?
False
Is 3431018669 a prime number?
False
Is 12792015389 a composite number?
False
Is 1236154889 composite?
False
Is 479851807 a prime number?
False
Is 45114157 prime?
False
Is 58566773 a composite number?
False
Is 4673808599 a prime number?
False
Is 8384821517 prime?
False
Is 84828539 a prime number?
False
Is 3910613818 prime?
False
Is 20087709347 prime?
False
Is 15326303911 composite?
False
Is 15435797519 a prime number?
False
Is 7128920329 prime?
True
Is 16488331091 prime?
True
Is 4992634991 prime?
False
Is 2205591491 a composite number?
True
Is 52529812053 composite?
True
Is 2153975009 prime?
False
Is 144997901 a prime number?
False
Is 292251069245 a prime number?
False
Is 557456273 prime?
False
Is 239170741 prime?
True
Is 6893343383 a prime number?
True
Is 2766167773 composite?
False
Is 848825491 prime?
True
Is 462704141 a prime number?
False
Is 9934451303 a composite number?
True
Is 59761110203 prime?
True
Is 3666307 prime?
False
Is 2060705947 composite?
False
Is 1380852643 prime?
False
Is 21215252879 composite?
False
Is 266843301 a composite number?
True
Is 38255855389 a composite number?
False
Is 44928609007 a prime number?
False
Is 499213459 prime?
False
Is 981335447 prime?
False
Is 628053079 composite?
False
Is 504888941 composite?
True
Is 85261732571 a composite number?
True
Is 15423701815 a prime number?
False
Is 125436388361 a composite number?
True
Is 18793148051 a composite number?
False
Is 20175867357 a prime number?
False
Is 623153689 prime?
True
Is 2250643637 prime?
False
Is 10327861637 prime?
False
Is 99904714333 prime?
False
Is 14419861 prime?
True
Is 2401720219 a prime number?
True
Is 12210329 a composite number?
True
Is 362080679 composite?
True
Is 43416572543 composite?
False
Is 16363786223 prime?
True
Is 1874514937 composite?
True
Is 2862429709 composite?
False
Is 4750054831 a prime number?
False
Is 2767276081 prime?
False
Is 13995061987 composite?
True
Is 6576049505 composite?
T